ulate the remainder when r is divided by 62.
58
Suppose -3*o = 3*d + 27, 61 = -4*d - o + 19. What is the remainder when 197 is divided by d/((-55)/(-10)) - -24?
21
Let r = 3 - 8. Let a(b) = 2*b**2 + 6*b + 1. Calculate the remainder when (-18)/(-60)*-2 + (5008/30 - (-298)/447) is divided by a(r).
20
Suppose 0 = -j - 182 + 15. Let l = -104 - j. Calculate the remainder when l is divided by (-1 - 11/2)*-2.
11
Let z(s) = -s**2 - 48*s - 344. What is the remainder when 461 is divided by z(-39)?
6
Let j(y) = -29 - 18*y - y**2 + 12 - 8 - 11. What is the remainder when 51 is divided by j(-15)?
6
What is the remainder when 169 is divided by 7 + ((-10127)/(-82) - (-2)/4)?
38
Suppose -14*f + 27667 = 11735. What is the remainder when f is divided by 27?
4
Let g(v) = -2*v**3 + 4*v**2 - 4*v + 25. Let x be g(6). Let f = -237 - x. Calculate the remainder when f is divided by 27.
23
Let w(z) = 38*z**2 - 606*z + 11. Let m(a) = a**3 - 2*a**2 + a - 4. What is the remainder when w(16) is divided by m(3)?
3
Let v(g) = g**3 - 8*g**2 + 10*g + 22. Let s(f) = -f**2 + 20*f - 75. Let c be s(14). Let x = 38 - -1. What is the remainder when v(c) is divided by x?
37
Let l = -8836 + 8926. Calculate the remainder when 280 is divided by l.
10
Let l(h) = h**3 + 3*h**2 + 14*h - 62. What is the remainder when l(3) is divided by 28?
6
Let k = 12308 + -12272. What is the remainder when 5755 is divided by k?
31
Suppose -4*r + 3*m - 9 = -6, 5*m - 34 = -3*r. Let a(o) = r*o + 12*o**2 - 151 - 2*o**2 + 152. Calculate the remainder when a(-3) is divided by 28.
26
Let h(g) = -160*g - 1247. Calculate the remainder when h(-8) is divided by 24.
9
Suppose 7439 = 3*x + z + 2971, -7463 = -5*x - 4*z. What is the remainder when 1496 is divided by x?
9
Let h = 47 - 38. Suppose -4*k + 2*s + 14 = 0, -12 = 6*s - 2*s. Suppose -k*r + r + 28 = -3*t, -4*t = 8. Calculate the remainder when r is divided by h.
4
Let x(w) = 3 - 1039*w + 0 + 1040*w. Let g be x(4). Suppose -g = -8*f + 49. Calculate the remainder when 19 is divided by f.
5
Suppose g - 5*z = -13 - 3, 3*z - 32 = 2*g. Let v = g - -20. Suppose -v*j + 8*j = 104. Calculate the remainder when 102 is divided by j.
24
Suppose 2*j - 55 - 208 = -5*o, -1293 = -10*j - 3*o. Calculate the remainder when 8771 is divided by j.
128
Let l(a) = a**3 - a**2 + 53. Let z = -51934 + 52141. What is the remainder when z is divided by l(0)?
48
Let q(k) = -k**2 - 11*k + 10561. Calculate the remainder when 2718 is divided by q(97).
83
Let x be ((-8)/(-12))/((-9)/((-162)/4)). Suppose 0 = -5*j + x*b + 27, 0 = 5*b - 1 - 4. Calculate the remainder when 22 is divided by j.
4
Let w = -2291 - -4652. Calculate the remainder when w is divided by 1176.
9
Suppose 5*g + b = -41, -56*g + 3*b - 57 = -51*g. Let f(q) = 3*q**2 - q + 5. Calculate the remainder when f(g) is divided by 29.
25
Suppose -150 - 320 = -10*p. Suppose 4*c - 80*j = -83*j + 46, -4*c = -5*j - 62. Calculate the remainder when p is divided by c.
8
Suppose -3*s + 52 = 22*b - 21*b, 5*b = -3*s + 32. What is the remainder when s is divided by 2 - (-4 + (-1 - 1))?
3
Let r(y) = 5*y**3 - 6*y**2 - 3*y + 7. Let k(l) = l**3 + 2*l**2 + l + 3. Let w be k(0). What is the remainder when r(w) is divided by 22?
13
Let m(q) = q**3 + 34*q**2 + 215*q - 61. Let a(t) = t + 55. Suppose 0 = -2*k + s + 2, -4*k + 10 = -s - 4*s. What is the remainder when a(k) is divided by m(-9)?
26
Let k = 47 + -47. Suppose 0 = 3*w - 38 + 5. Suppose w = u - 4*y - k*y, 3*y = -2*u. Calculate the remainder when u is divided by 1.
0
Suppose 5*x = -3*w + 42, 45*x - 18 = 40*x + 3*w. Let a = -216 + 310. What is the remainder when a is divided by x?
4
Suppose 3*z + 2 = 8*z - 4*w, 2*w = z + 2. Let v(j) = j**2 + 3*j - 1. Suppose 5 = 13*a + 70. Calculate the remainder when v(a) is divided by z.
1
Suppose 20*v = -43*v - 7*v + 668920. Calculate the remainder when v is divided by 162.
160
Suppose 0 = 5*f + 4*d - 351, -55*d + 71 = f - 54*d. Calculate the remainder when f is divided by 12.
7
Let k(s) = s**2 + 11*s + 222. What is the remainder when k(0) is divided by 12?
6
Let b = 127 + -68. Calculate the remainder when b is divided by (-2)/(5/(1680/232) + (-6)/7).
11
Suppose -31*g + 23*g + 5024 = 0. Let l = 674 - g. Calculate the remainder when 86 is divided by l.
40
Let p(a) = 72*a - 745. Calculate the remainder when 1752 is divided by p(12).
86
Suppose -j - 14026 = -4*x, -4*x = 2*j - 4069 - 9963. What is the remainder when x is divided by 11?
9
Let q(c) = -2*c**3 - 3*c**2 - 30*c - 453. What is the remainder when 3539 is divided by q(-7)?
283
Let f(q) = 15*q - 2. Let o be f(-3). Let z = 2050 + -2037. Let x = z - o. What is the remainder when x is divided by 21?
18
Let y be ((-18)/(-1))/(22/(-11)). Let f = 19 + 1. Calculate the remainder when f is divided by y/(-84)*-4 + (-80)/(-7).
9
Let k = -104 - -125. Suppose -17*a = -k*a + 216. Calculate the remainder when 268 is divided by a.
52
Let c = -22579 - -23955. What is the remainder when c is divided by 17?
16
Suppose 7*q - 7017 = -6891. Calculate the remainder when 196 is divided by q.
16
Suppose 43*f = 23*f - 500. Calculate the remainder when 5*(-470)/f + -3 is divided by 31.
29
Calculate the remainder when 63 is divided by -4*(-9 - 120/(-32)).
0
Suppose -2*a + 106 + 38 = -2*j, j = 4*a - 303. Calculate the remainder when 144 is divided by a.
67
Suppose -10*v + 72 = -14*v. Let l(f) = f**2 + 17*f - 5. What is the remainder when 245 is divided by l(v)?
11
Suppose -516*s + 1068 = -504*s. Calculate the remainder when 880 is divided by s.
79
Let c(g) = g**3 - 50*g**2 + 106*g + 26. What is the remainder when c(48) is divided by 134?
104
Let c = 106 - 92. Let i(o) = -o**3 + 11*o**2 + 42*o + 19. Calculate the remainder when 168 is divided by i(c).
16
Let l = 111 - 13. Suppose -4*a + 3*d + 67 - 1 = 0, l = 5*a + 4*d. Let r(h) = h**3 - 3*h**2 + 3*h + 4. What is the remainder when r(5) is divided by a?
15
Let g be 2/6 - (-102)/18. What is the remainder when 47 is divided by 672/72 + 4/g?
7
Let p = -1256 + 1886. Calculate the remainder when p is divided by 10.
0
Let g(q) = -21*q + 37. Let z(w) = 2*w - 1. Let u(x) = g(x) + 6*z(x). What is the remainder when 95 is divided by u(-2)?
46
Let x(c) = -3*c**3 + 3*c**2 - 115*c - 117. What is the remainder when 487 is divided by x(-1)?
3
Suppose 3*n = 744 + 330 + 396. What is the remainder when n is divided by 206?
78
Suppose -22*m = -66*m + 1716. What is the remainder when 690 is divided by m?
27
Let w = -7654 - -13192. Let i be w/33 + (-8)/(-44). Let k = i + -119. Calculate the remainder when k is divided by 9.
4
What is the remainder when (-2 - 155)*(1 - 9 - -5) is divided by 25?
21
Suppose 3*w + 24 = -5*o, -4*o - 18 = 3*w - 0. Let p(s) = s**3 + 30*s**2 - s - 14. Let y be p(-30). Let z = y + o. What is the remainder when 58 is divided by z?
8
Let r(d) = -10*d + 4. Calculate the remainder when r(-3) is divided by 238*(-3 - (-26)/8 - (-1665)/(-9324)).
0
Let q(y) be the first derivative of y**3 - 2*y**2 - 3*y + 1. Let i be q(4). Suppose 2*c + i = 105. What is the remainder when c is divided by 4?
2
Let w(t) = -t**3 + t + 50. Suppose 132*n + c + 101 = 137*n, -8*n - 3*c = -134. Calculate the remainder when w(0) is divided by n.
12
Suppose z - 3*v - 122 = -35, -5*z - v = -355. Let c(m) = 21*m**2 + 3*m + 1. Calculate the remainder when z is divided by c(-1).
15
Let h be 40/16*((-16)/10 - -2). Suppose 62 = 5*k + 4*l, -k + 8 = -l + h. Calculate the remainder when 5 is divided by (-8*2/10)/(k/(-25)).
1
Let o(c) = -c**2 - 49*c + 307. Calculate the remainder when o(-42) is divided by 104.
81
Let c(o) = 3*o. Let t = -4311 - -4362. What is the remainder when t is divided by c(2)?
3
Let o(r) = 399*r - 346. What is the remainder when 466 is divided by o(1)?
42
Suppose -2*t + 160 = a - 76, -367 = -3*t + 5*a. Let m = 40 + -22. Let l = m + 6. What is the remainder when t is divided by l?
23
Suppose -16 = -2*o - 4. Let t = 184 + -184. Suppose 2*b + 207 - 253 = t. Calculate the remainder when b is divided by o.
5
Let p be (1/(-3) - 1)*3. Let x be (-6)/(-5)*(-10)/(-3) + p. Suppose 5*y - 23 - 42 = x. What is the remainder when 37 is divided by y?
11
Let b = -42466 + 42477. What is the remainder when (-1)/(-4) - 215/(-4) is divided by b?
10
Let q = -410 - 502. Let d = -899 - q. Calculate the remainder when 335 is divid